hat are the prime factors of 59?
59
What are the prime factors of 820412?
2, 205103
List the prime factors of 23788331.
7, 43, 79031
List the prime factors of 211699.
31, 6829
List the prime factors of 415052.
2, 11, 9433
List the prime factors of 92190.
2, 3, 5, 7, 439
List the prime factors of 31034554.
2, 17, 53693
What are the prime factors of 1750119?
3, 7, 83339
List the prime factors of 17031153.
3, 103, 55117
List the prime factors of 3565005.
3, 5, 271, 877
List the prime factors of 54506.
2, 27253
List the prime factors of 4752339.
3, 1584113
What are the prime factors of 79522?
2, 39761
What are the prime factors of 1099825?
5, 29, 37, 41
List the prime factors of 1883017.
1883017
List the prime factors of 252418.
2, 61, 2069
What are the prime factors of 2505913?
563, 4451
What are the prime factors of 671366?
2, 61, 5503
What are the prime factors of 3319734?
2, 3, 11, 179, 281
What are the prime factors of 578781?
3, 7, 9187
What are the prime factors of 177045?
3, 5, 11, 29, 37
What are the prime factors of 212534?
2, 7, 17, 19, 47
List the prime factors of 1213230.
2, 3, 5, 37, 1093
List the prime factors of 20543276.
2, 13, 17, 1367
What are the prime factors of 1668019?
1668019
List the prime factors of 358230.
2, 3, 5, 11941
What are the prime factors of 104284?
2, 29, 31
List the prime factors of 255042.
2, 3, 4723
List the prime factors of 2680294.
2, 359, 3733
List the prime factors of 2872515.
3, 5, 19, 10079
List the prime factors of 2690052.
2, 3, 224171
What are the prime factors of 645998?
2, 322999
What are the prime factors of 810291?
3, 270097
List the prime factors of 11425379.
7, 431, 541
What are the prime factors of 21427?
7, 3061
What are the prime factors of 28518808?
2, 587, 6073
What are the prime factors of 520919?
7, 10631
What are the prime factors of 1458494?
2, 409, 1783
What are the prime factors of 2131466?
2, 1065733
List the prime factors of 7102348.
2, 11, 31, 41, 127
What are the prime factors of 1390739?
7, 61, 3257
What are the prime factors of 2660318?
2, 23, 151, 383
What are the prime factors of 266315?
5, 7, 1087
List the prime factors of 8565879.
3, 7, 407899
What are the prime factors of 5071738?
2, 7, 37, 9791
What are the prime factors of 4472?
2, 13, 43
List the prime factors of 134268.
2, 3, 67, 167
What are the prime factors of 11094209?
7, 47, 33721
What are the prime factors of 2743561?
2743561
List the prime factors of 20939460.
2, 3, 5, 348991
What are the prime factors of 38802227?
38802227
What are the prime factors of 1858459?
1858459
What are the prime factors of 3128533?
3128533
List the prime factors of 1991178.
2, 3, 7, 15803
List the prime factors of 1173618.
2, 3, 113, 577
What are the prime factors of 29941862?
2, 17, 29, 30367
What are the prime factors of 1242594?
2, 3, 23011
List the prime factors of 5907730.
2, 5, 193, 3061
List the prime factors of 4441744.
2, 19, 769
What are the prime factors of 2142953?
19, 112787
List the prime factors of 1153650.
2, 3, 5, 7691
What are the prime factors of 6099350?
2, 5, 199, 613
What are the prime factors of 196659?
3, 21851
What are the prime factors of 2448742?
2, 439, 2789
What are the prime factors of 359616?
2, 3, 1873
List the prime factors of 3018399.
3, 1006133
List the prime factors of 573544.
2, 71693
What are the prime factors of 727502?
2, 363751
What are the prime factors of 10291078?
2, 7, 173, 607
What are the prime factors of 7256591?
7256591
List the prime factors of 6589788.
2, 3, 549149
What are the prime factors of 1564788?
2, 3, 130399
What are the prime factors of 5974302?
2, 3, 251, 3967
List the prime factors of 13280679.
3, 31, 41, 43
List the prime factors of 90918.
2, 3, 5051
List the prime factors of 8088092.
2, 1297, 1559
List the prime factors of 156911.
173, 907
What are the prime factors of 270618?
2, 3, 23, 37, 53
What are the prime factors of 5619137?
61, 251, 367
What are the prime factors of 2560266?
2, 3, 142237
What are the prime factors of 1985525?
5, 43, 1847
List the prime factors of 271554.
2, 3, 45259
List the prime factors of 497007.
3, 7, 23
List the prime factors of 515021.
13, 173, 229
List the prime factors of 4218093.
3, 11, 137, 311
What are the prime factors of 270698?
2, 135349
What are the prime factors of 6626733?
3, 127, 17393
List the prime factors of 20842303.
53, 73, 5387
List the prime factors of 3971822.
2, 1129, 1759
List the prime factors of 7510075.
5, 23, 37, 353
What are the prime factors of 69735?
3, 5, 4649
What are the prime factors of 16817397?
3, 5605799
List the prime factors of 192277.
47, 4091
What are the prime factors of 584760?
2, 3, 5, 11, 443
List the prime factors of 8499159.
3, 37, 25523
List the prime factors of 10011590.
2, 5, 1001159
List the prime factors of 90464.
2, 11, 257
What are the prime factors of 7176720?
2, 3, 5, 17, 1759
List the prime factors of 984863.
11, 89533
What are the prime factors of 3431431?
3431431
What are the prime factors of 292724?
2, 73181
What are the prime factors of 13044?
2, 3, 1087
What are the prime factors of 1139017?
11, 17, 6091
What are the prime factors of 91053?
3, 67, 151
List the prime factors of 32643782.
2, 16321891
List the prime factors of 2239147.
2239147
What are the prime factors of 3477136?
2, 13, 73, 229
What are the prime factors of 3252041?
13, 37, 6761
List the prime factors of 254259.
3, 43, 73
List the prime factors of 1095131.
401, 2731
What are the prime factors of 12680116?
2, 31, 102259
List the prime factors of 885020.
2, 5, 17, 19, 137
What are the prime factors of 30463?
41, 743
What are the prime factors of 17315617?
11, 673, 2339
List the prime factors of 6200797.
431, 14387
List the prime factors of 12816950.
2, 5, 31, 8269
List the prime factors of 950170.
2, 5, 13, 7309
List the prime factors of 944997.
3, 269, 1171
What are the prime factors of 1555248?
2, 3, 32401
List the prime factors of 31664592.
2, 3, 59, 3727
What are the prime factors of 714633?
3, 23, 10357
List the prime factors of 8283478.
2, 7, 67, 8831
What are the prime factors of 12810312?
2, 3, 53, 373
What are the prime factors of 19439044?
2, 499, 9739
What are the prime factors of 5464051?
67, 81553
What are the prime factors of 334859?
7, 47837
List the prime factors of 951931.
457, 2083
List the prime factors of 433366.
2, 23, 9421
List the prime factors of 119579.
197, 607
What are the prime factors of 127137?
3, 42379
List the prime factors of 38017686.
2, 3, 7, 773, 1171
List the prime factors of 240591.
3, 13, 31, 199
List the prime factors of 124697.
19, 6563
What are the prime factors of 593293?
593293
What are the prime factors of 2973949?
11, 37, 7307
List the prime factors of 631394.
2, 315697
What are the prime factors of 189399?
3, 7, 29, 311
What are the prime factors of 11420830?
2, 5, 1142083
What are the prime factors of 553465?
5, 11, 29, 347
List the prime factors of 2486547.
3, 7, 29, 1361
List the prime factors of 8583202.
2, 59, 72739
What are the prime factors of 19137113?
149, 128437
List the prime factors of 352702.
2, 7, 59, 61
List the prime factors of 19116302.
2, 61, 156691
What are the prime factors of 42826727?
101, 424027
List the prime factors of 1833374.
2, 229, 4003
What are the prime factors of 270478?
2, 13, 101, 103
List the prime factors of 3611373.
3, 1203791
List the prime factors of 10062639.
3, 683, 1637
List the prime factors of 60596.
2, 15149
What are the prime factors of 1751065?
5, 350213
What are the prime factors of 317624?
2, 39703
What are the prime factors of 4344241?
11, 394931
What are the prime factors of 91062?
2, 3, 5059
What are the prime factors of 10150022?
2, 5075011
List the prime factors of 1223971.
7, 24979
What are the prime factors of 364959?
3, 7, 1931
List the prime factors of 801578.
2, 457, 877
List the prime factors of 9835720.
2, 5, 23, 10691
What are the prime factors of 1140120?
2, 3, 5, 3167
List the prime factors of 302549.
13, 17, 37
What are the prime factors of 760175?
5, 13, 2339
What are the prime factors of 899982?
2, 3, 49999
What are the prime factors of 206946?
2, 3, 11497
What are the prime factors of 9621279?
3, 1069031
What are the prime factors of 91472?
2, 5717
What are the prime factors of 4567546?
2, 43, 173, 3